g = -5*h, -4 = v - 3*v. Suppose 26 = 3*n + 5*m, -3*n + h*n + 17 = -4*m. What is the units digit of n?
7
Let s(r) = -r**2 + 4*r - 2. Let v be s(2). Let z(w) = 5*w**2 + w**3 + v + 0 + 2*w - 6. What is the units digit of z(-4)?
4
Suppose 2 = 2*i - 6. Suppose -f - i*m = -24, 2*f + 0*f - 3*m - 15 = 0. What is the tens digit of f?
1
Let g(b) = -b**2 - 5*b + 6. Let c be g(-6). Suppose c*a = -2*a + 4*q, a - 4*q + 6 = 0. What is the units digit of a?
6
What is the hundreds digit of -6 + (-105)/(-18) - (-1213)/6?
2
Suppose 5*r - g = 7 + 128, -3*r = 2*g - 81. What is the tens digit of r?
2
Suppose 4*o - 229 = -5*n, -8*o + 4*o + 180 = 4*n. What is the units digit of n?
9
Let t = -18 + 22. Suppose -96 = -t*y - 5*q, 3*y = -9*q + 4*q + 72. What is the tens digit of y?
2
Let h(g) = -2*g + 1. Let j be h(-3). Let o(p) = 20*p - 41. Let m(w) = -7*w + 14. Let r(d) = -17*m(d) - 6*o(d). What is the units digit of r(j)?
1
Let y = 8 + -3. Suppose a + 7 + y = 0. What is the units digit of 0 - (a - 0 - 1)?
3
Let z(d) = 3*d - 4. Let g be z(3). Suppose n - 19 = g*o - 6, -3*n + 21 = 3*o. What is the units digit of n?
8
Let t(v) = v**3 - v + 22. Let k(d) = -d**3 + 6*d**2 + d - 6. Let o be k(6). What is the units digit of t(o)?
2
Let c = 10 - -5. Suppose -w + c = -2*w. Let n = w + 28. What is the tens digit of n?
1
Suppose -272 = -2*m - 2*x - 100, 2*m + 3*x = 170. Suppose -3*d = j - m, 4*d + 6*j - 114 = 3*j. What is the units digit of d?
0
Suppose 15 = 3*p, 0*t + 3*p - 417 = -3*t. What is the units digit of t?
4
Let u(n) = 7*n + 10. Let f(h) = -14*h - 19. Let y(l) = -6*f(l) - 11*u(l). Let x(b) = -7*b - 3. Let i(z) = -3*x(z) - 2*y(z). What is the units digit of i(1)?
8
Let g = -2 + 5. What is the units digit of g?
3
Suppose 0 = -4*z - 3*f + 277, -z + f + 91 - 27 = 0. What is the tens digit of z?
6
Suppose 0 = q - 4*q. Suppose 25 = -q*m - 5*m. Let d = -3 - m. What is the units digit of d?
2
Let u(k) = 8*k - 20. What is the units digit of u(7)?
6
Suppose 0 = -5*u - o + 44 - 16, -5*u = 4*o - 37. Let k(f) = f**3 - 3*f**2 - 6*f - 4. What is the units digit of k(u)?
6
Let v(o) = -2*o - 4. Let j be v(-4). Suppose -i = j*i - 110. What is the units digit of i?
2
Suppose -y + 5*f + 19 = 0, -f - 2*f = y + 13. Let n(h) be the second derivative of -7*h**5/20 + h**4/6 + h**3/3 + h**2/2 - h. What is the units digit of n(y)?
8
Let u(c) = 27*c + 1. Let g be u(1). Suppose g = 3*o + o. Let t = o - -7. What is the tens digit of t?
1
What is the tens digit of -1*3/6 + (-214)/(-4)?
5
Suppose 2*w + 2*v = 12, -15 = -3*v - 2*v. Let s be 22/5 + (-2)/5. Suppose -5*z + w = -z + f, -s*z - 3*f + 1 = 0. What is the units digit of z?
1
Suppose -4*o = -3*m + 536 - 43, -2*m + 306 = 3*o. What is the tens digit of m?
5
Let a be (1/(-2))/((-1)/(-10)). Let t(r) = -r - 2. Let j be t(a). Let v = -2 + j. What is the units digit of v?
1
What is the units digit of 1/(-4) + 26/8?
3
Let q be (6/(-9))/(4/(-18)). Suppose q*w + 5*v = -0*v + 29, -2*w + 5*v + 36 = 0. What is the tens digit of w?
1
Let x = 11 - 6. Let o(s) = 2*s + 6. What is the tens digit of o(x)?
1
Let k = -319 - -461. What is the units digit of k?
2
Suppose 3*i + 7 = -8. Let v = -12 - 1. Let h = i - v. What is the units digit of h?
8
Let w(a) = a**3 + 7*a**2 + 3*a - 11. Let d be w(-6). Suppose 0 = 3*q - 72 + 27. Let n = q - d. What is the units digit of n?
8
Suppose -4*g - 31 = 3*a + 7, -5*g - 55 = 5*a. Let l be (-3)/6*3*a. What is the units digit of 1/4 + l/12?
1
Suppose 5*w = -2*y + 26 - 7, 5*y - 2*w = 120. What is the tens digit of y?
2
Let a(m) = -11*m - 17. What is the tens digit of a(-4)?
2
Suppose -3*m - 1 = -3*h + 2, 0 = -3*m - 6. What is the tens digit of 1 - h - (-1 + -41)?
4
Suppose 3*y = -4*o - 2*y, 2*o - 2*y = 0. Suppose -f + 17 + 9 = o. Suppose 5 = -5*d - 2*a, 4*d + 5*a = 5*d - f. What is the units digit of d?
1
Let f(r) = r**3 + 8*r**2 - r - 6. Let i be f(-7). Let y = i + -29. What is the units digit of y?
1
Let t(h) = h + 1. Let n(w) = w**2 - 5*w - 1. Let v(d) = -n(d) + 2*t(d). What is the units digit of v(6)?
9
Suppose 206 - 35 = 3*f. What is the tens digit of f?
5
Let k(c) = -3*c**2 + 2*c + 2. Let w(p) = p**2 + 5*p - 2. Let m be w(-5). Let n be k(m). What is the units digit of ((-12)/n)/(3/21)?
6
Suppose 5*q + 0*q - 30 = 0. Suppose -f = -0*f + p, -2*p = -q. Let s = 5 + f. What is the units digit of s?
2
Let b(j) = -3*j**2 + 5*j + 11. Let d(z) = 2*z**2 - 5*z - 10. Let t(i) = -3*b(i) - 4*d(i). Let a be t(-5). Suppose a = 2*p - 7. What is the units digit of p?
7
Let c be -2 - (-2 - 10) - 1. Suppose 5*v = -3*r - 2, v + 3 = r + c. What is the units digit of v?
2
Let w(o) = -o**3 - 14*o**2 - 14*o - 16. Let u be w(-13). Let x = 19 - 29. Let p = u - x. What is the units digit of p?
7
Let q = 12 - 0. What is the tens digit of q?
1
Let y be 2/2 + 5 - 1. Suppose 0 = -v + l + 9, -2*v = -v + y*l + 21. Suppose 0 = -f + v*b + 20, -5*f + b = 2*b - 37. What is the units digit of f?
8
Let g(m) = -23*m - 4. What is the tens digit of g(-2)?
4
Let k be (-32)/(-18) + 2/9. Suppose k*t = -2*g - 0*g, 0 = 5*g - t + 6. Let y(j) = -3*j**3 - j**2 - j. What is the units digit of y(g)?
3
Suppose 0*l + l - 419 = 4*y, -4*y - 16 = 0. What is the hundreds digit of l?
4
Let w(j) = 2*j**2 - 2*j - 1. Suppose -s = 2*u - 5, -3*u + u + 2*s = -2. Let x be w(u). What is the units digit of 1*-2*(-4 + x)?
2
Let d(a) = a**2 + 2*a - 4. Let o be d(-3). What is the units digit of o + 0 - 2 - -17?
4
Suppose 5*j + 23 + 225 = 2*n, 3*n - 381 = 3*j. Suppose -w + 4*w = n. What is the tens digit of w?
4
Let z(o) = 12*o + 7*o**2 - 7 + 0*o**2 - 8*o**2 + 0*o. What is the units digit of z(10)?
3
Let u = -35 - -168. What is the units digit of u?
3
Let q(v) be the first derivative of 3*v**3 - v**2/2 - 2. What is the tens digit of q(-1)?
1
Let o(v) = 6 + 4*v**3 - 5*v - 3*v**3 + 3*v**2 + v**2. Let m be o(-5). Suppose 3*a + m = 5*a. What is the units digit of a?
3
Let r(x) = -3*x**3 + 3*x**2 + 5*x + 2. What is the units digit of r(-2)?
8
Let o(m) = 13*m - 3. Let w be o(3). Let h be 1/4*0 + 2. Suppose 0 = -h*y - 2*y + w. What is the units digit of y?
9
Suppose -r = -11 - 11. What is the units digit of r?
2
Suppose -2*l = -5*l + 27. Suppose l = 5*o - 6. What is the units digit of o?
3
Let n(p) = 2*p**2 + p - 4. Suppose 0 = 3*y + 7 + 8. What is the units digit of n(y)?
1
Suppose 4 = -v + 2*v. Suppose -6*y + 3*y - 9 = 0, 176 = v*z + 4*y. What is the tens digit of z?
4
Let r be 10 + 2*2/4. Suppose -4*b + p - 2*p = -r, -2*b + 7 = p. What is the units digit of b?
2
Let q = -3 - -3. Suppose k + 2*y - 4 = q, 5*y = -5*k - 3 + 43. What is the units digit of k?
2
Let t = -1 - -4. Suppose 0 = q + 4*i - 24, 0 = -5*q - t*i - 2*i + 180. Suppose -2*s + q = 2*s. What is the units digit of s?
0
Let j = -1 - -5. Let b = j - 1. Suppose 2*x + o - 34 = 6*o, b*x - 4*o = 37. What is the units digit of x?
7
What is the tens digit of (0 - (3 - 100))*1?
9
Let z be 9/(-6)*16/(-6). Suppose 2*s - 4*k = 10 - z, 2*s - 5*k - 6 = 0. Suppose u - 10 - 9 = -s*n, -2*n + 4 = 5*u. What is the units digit of n?
7
Let v be 0/(2 + -2 + 2). Suppose v = h - 3 - 2. Suppose -3*y - 24 = -5*l - 2*y, 2*l - 15 = -h*y. What is the units digit of l?
5
Let q(d) = -d**3 - 8*d**2 - d - 5. Let r be q(-8). Suppose r*m + 63 = 2*h + 182, -2*m + 80 = -h. What is the tens digit of m?
4
Suppose -21 = p - 2*s, 3*p - 2*p - 9 = -4*s. Let d = 18 + p. What is the units digit of d?
7
Let v be (-6)/(-33) + (-456)/(-33). Suppose -g + 6 = -v. Suppose -2*f - 3*f = -g. What is the units digit of f?
4
Suppose -4*j = -7*j + 873. What is the units digit of j?
1
Suppose -2*t + t + 2 = 0. Suppose t*k - 46 = 12. What is the tens digit of k?
2
Let k be ((-12)/8)/(6/(-16)). Suppose 0 = u - 4*x - 39, 4*x + 147 = k*u + u. What is the units digit of u?
7
Let q be (1/2)/((-2)/(-44)). Suppose -t = -k + 4*k - 17, -2*k + q = t. What is the units digit of k?
6
Suppose 0 = 2*w + 2*r - 3 - 7, -5*w = 3*r - 23. Suppose c + w = 5*c. What is the tens digit of (c + 0)/(2/26)?
1
Suppose 3*o - 417 = -90. What is the hundreds digit of o?
1
Let t = -17 + 78. What is the tens digit of t?
6
Suppose -4*c - n = -2*n - 16, 3*c = -5*n + 12. Suppose c*d - 3*g - 8 = -g, 4*d - 4 = 4*g. What is the units digit of d?
3
Suppose -91 = -z - 30. What is the tens digit of z?
6
Let t = -7 + 12. Suppose 5*f = 3*g -